{"id":243,"date":"2015-09-26T12:25:22","date_gmt":"2015-09-26T11:25:22","guid":{"rendered":"https:\/\/skiboxsports.kitwebcom.fr\/?page_id=243"},"modified":"2016-09-21T16:32:12","modified_gmt":"2016-09-21T15:32:12","slug":"cookies","status":"publish","type":"page","link":"https:\/\/skiboxsports.kitwebcom.fr\/?page_id=243&lang=fr","title":{"rendered":"Cookies"},"content":{"rendered":"<div class=\"txtimg clear\">\n<h3 class=\"sstit_bleu\"><strong>COOKIES\/ VIE PRIVEE<\/strong><\/h3>\n<div class=\"sstit_bleu\"><strong>SKI BOX SPORTS<\/strong> souhaite vous informer de mani\u00e8re claire et transparente sur l&rsquo;usage des cookies lors de votre navigation sur ses sites web et mobiles.<\/div>\n<div class=\"sstit_bleu\"><\/div>\n<h3 class=\"sstit_bleu\">QU&rsquo;EST-CE QU&rsquo;UN COOKIE ?<\/h3>\n<\/div>\n<div class=\"txtimg clear\">\n<div class=\"txt\">\n<p>Un cookie (ou t\u00e9moin de connexion) est un ensemble de donn\u00e9es stock\u00e9 sur le disque dur de votre terminal (ordinateur, tablette, mobile) par le biais de votre logiciel de navigation \u00e0 l&rsquo;occasion de la consultation d&rsquo;un service en ligne.<\/p>\n<p>Les cookies enregistr\u00e9s lorsque vous visitez nos sites ne vous reconnaissent pas personnellement en tant qu&rsquo;individu, mais reconnaissent seulement l&rsquo;appareil que vous \u00eates en train d&rsquo;utiliser. Les cookies ne stockent aucune donn\u00e9e personnelle sensible mais donnent simplement une information sur votre navigation de fa\u00e7on \u00e0 ce que votre terminal puisse \u00eatre reconnu plus tard.<\/p>\n<p>Les cookies ne causent aucun dommage \u00e0 votre appareil, mais permettent plus facilement par exemple de retrouver vos pr\u00e9f\u00e9rences, de pr\u00e9-remplir certains champs et d&rsquo;adapter le contenu de nos services.<\/p>\n<p>Vous seul(e) choisissez si vous souhaitez avoir des cookies enregistr\u00e9s sur votre appareil et vous pouvez facilement contr\u00f4ler l&rsquo;enregistrement des cookies. Pour une information sp\u00e9cifique sur la gestion et le contr\u00f4le des cookies : vos choix concernant les cookies.<\/p>\n<\/div>\n<\/div>\n<div class=\"txtimg clear\">\n<h3 class=\"sstit_bleu\"><strong>QUELS SONT LES COOKIES PR\u00c9SENTS SUR NOTRE SITE ?<\/strong><\/h3>\n<div class=\"txt\">\n<p><strong>1\/ Les cookies fonctionnels<\/strong><\/p>\n<p>Les cookies fonctionnels que nous \u00e9mettons nous permettent : d&rsquo;adapter la pr\u00e9sentation de nos sites, applications aux pr\u00e9f\u00e9rences d&rsquo;affichage de votre terminal (langue utilis\u00e9e, r\u00e9solution d&rsquo;affichage, syst\u00e8me d&rsquo;exploitation utilis\u00e9, etc), selon les mat\u00e9riels et les logiciels de visualisation ou de lecture que votre terminal comporte ; de faciliter vos recherches en conservant vos recherches automatiques et vos annonces sauvegard\u00e9es ; d&rsquo;am\u00e9liorer votre exp\u00e9rience utilisateur en pr\u00e9-remplissant certains champs de nos formulaires<\/p>\n<p><strong>2\/ Les cookies de statistiques (ou analytiques)<\/strong><\/p>\n<p>Les cookies analytiques que nous \u00e9mettons nous permettent de mieux conna\u00eetre nos sites et applications et d&rsquo;am\u00e9liorer nos services en \u00e9tablissant des statistiques et volumes de fr\u00e9quentation et d&rsquo;utilisation (rubriques et contenus visit\u00e9s, parcours&#8230;).<\/p>\n<p><strong>3\/ Les cookies \u00e9mis par des tiers<\/strong><\/p>\n<p>Lorsque vous visitez nos sites, certains cookies ne sont pas enregistr\u00e9s par nous mais par des tiers partenaires pour la diffusion de publicit\u00e9 cibl\u00e9e. Pour plus d&rsquo;informations sur les cookies enregistr\u00e9s par nos partenaires, nous vous sugg\u00e9rons de visiter leur site.<\/p>\n<p>Google: <a href=\"https:\/\/www.google.fr\/intl\/fr\/policies\/technologies\/cookies\/\">https:\/\/www.google.fr\/intl\/fr\/policies\/technologies\/cookies\/<\/a><br \/>\nFacebook : <a href=\"https:\/\/www.facebook.com\/about\/privacy\/cookies\">https:\/\/www.facebook.com\/about\/privacy\/cookies<\/a><br \/>\nTwitter : <a href=\"https:\/\/support.twitter.com\/articles\/20170514-twitters-use-of-cookies-and-similar-technologies\">https:\/\/support.twitter.com\/articles\/20170514-twitters-use-of-cookies-and-similar-technologies<\/a><br \/>\nInstagram : <a href=\"http:\/\/instagram.com\/legal\/cookies\/\">http:\/\/instagram.com\/legal\/cookies\/<\/a><\/p>\n<\/div>\n<\/div>\n<div class=\"txtimg clear\">\n<h3 class=\"sstit_bleu\">VOS CHOIX CONCERNANT LES COOKIES<\/h3>\n<div class=\"txt\">\n<p>Il est important de noter que tout param\u00e9trage que vous pouvez entreprendre sera susceptible de modifier votre navigation sur Internet et vos conditions d&rsquo;acc\u00e8s \u00e0 certains services n\u00e9cessitant l&rsquo;utilisation de cookies.<\/p>\n<p>Si vous refusez l&rsquo;enregistrement de ces derniers dans votre terminal, ou si vous supprimez ceux qui y sont enregistr\u00e9s, vous ne pourrez plus b\u00e9n\u00e9ficier d&rsquo;un certain nombre de fonctionnalit\u00e9s qui peuvent \u00eatre n\u00e9cessaires pour naviguer dans certains espaces de nos sites.<\/p>\n<p>Vous pouvez faire le choix \u00e0 tout moment d&rsquo;exprimer et de modifier vos souhaits, par les moyens d\u00e9crits ci-dessous :<\/p>\n<p>Les choix qui vous sont offerts par votre logiciel de navigation<\/p>\n<p>Vous pouvez configurer votre logiciel de navigation de mani\u00e8re \u00e0 ce que des cookies soient enregistr\u00e9s dans votre terminal ou, au contraire, qu&rsquo;ils soient rejet\u00e9s. Certains navigateurs vous permettent de d\u00e9finir des r\u00e8gles pour g\u00e9rer les cookies site par site.<\/p>\n<p>Pour la gestion des cookies, la configuration de chaque navigateur est diff\u00e9rente. Elle est d\u00e9crite dans le menu d&rsquo;aide de votre navigateur, qui vous permettra de savoir de quelle mani\u00e8re modifier vos souhaits :<\/p>\n<p>Pour Internet Explorer\u2122 : <a href=\"http:\/\/windows.microsoft.com\/fr-FR\/windows-vista\/Block-or-allow-cookies\">http:\/\/windows.microsoft.com\/fr-FR\/windows-vista\/Block-or-allow-cookies<\/a><br \/>\nPour Safari\u2122 : <a href=\"http:\/\/docs.info.apple.com\/article.html?path=Safari\/3.0\/fr\/9277.html\">http:\/\/docs.info.apple.com\/article.html?path=Safari\/3.0\/fr\/9277.html<\/a><br \/>\nPour Chrome\u2122 : <a href=\"http:\/\/support.google.com\/chrome\/bin\/answer.py?hl=fr&amp;hlrm=en&amp;answer=95647\">http:\/\/support.google.com\/chrome\/bin\/answer.py?hl=fr&amp;hlrm=en&amp;answer=95647<\/a><br \/>\nPour Firefox\u2122 : <a href=\"http:\/\/support.mozilla.org\/fr\/kb\/activer-desactiver-cookies\">http:\/\/support.mozilla.org\/fr\/kb\/activer-desactiver-cookies<\/a><br \/>\nPour Opera\u2122 : <a href=\"http:\/\/help.opera.com\/Windows\/10.20\/fr\/cookies.html\">http:\/\/help.opera.com\/Windows\/10.20\/fr\/cookies.html<\/a><\/p>\n<\/div>\n<\/div>\n","protected":false},"excerpt":{"rendered":"<p>COOKIES\/ VIE PRIVEE SKI BOX SPORTS souhaite vous informer de mani\u00e8re claire et transparente sur l&rsquo;usage des cookies lors de votre navigation sur ses sites web et mobiles. QU&rsquo;EST-CE QU&rsquo;UN COOKIE ? Un cookie (ou t\u00e9moin de connexion) est un ensemble de donn\u00e9es stock\u00e9 sur le disque dur de votre terminal (ordinateur, tablette, mobile) par\u2026<\/p>\n","protected":false},"author":1,"featured_media":0,"parent":0,"menu_order":0,"comment_status":"closed","ping_status":"closed","template":"fullwidth.php","meta":{"_exactmetrics_skip_tracking":false,"_exactmetrics_sitenote_active":false,"_exactmetrics_sitenote_note":"","_exactmetrics_sitenote_category":0,"ngg_post_thumbnail":0,"footnotes":""},"class_list":["post-243","page","type-page","status-publish","hentry"],"_links":{"self":[{"href":"https:\/\/skiboxsports.kitwebcom.fr\/index.php?rest_route=\/wp\/v2\/pages\/243","targetHints":{"allow":["GET"]}}],"collection":[{"href":"https:\/\/skiboxsports.kitwebcom.fr\/index.php?rest_route=\/wp\/v2\/pages"}],"about":[{"href":"https:\/\/skiboxsports.kitwebcom.fr\/index.php?rest_route=\/wp\/v2\/types\/page"}],"author":[{"embeddable":true,"href":"https:\/\/skiboxsports.kitwebcom.fr\/index.php?rest_route=\/wp\/v2\/users\/1"}],"replies":[{"embeddable":true,"href":"https:\/\/skiboxsports.kitwebcom.fr\/index.php?rest_route=%2Fwp%2Fv2%2Fcomments&post=243"}],"version-history":[{"count":5,"href":"https:\/\/skiboxsports.kitwebcom.fr\/index.php?rest_route=\/wp\/v2\/pages\/243\/revisions"}],"predecessor-version":[{"id":303,"href":"https:\/\/skiboxsports.kitwebcom.fr\/index.php?rest_route=\/wp\/v2\/pages\/243\/revisions\/303"}],"wp:attachment":[{"href":"https:\/\/skiboxsports.kitwebcom.fr\/index.php?rest_route=%2Fwp%2Fv2%2Fmedia&parent=243"}],"curies":[{"name":"wp","href":"https:\/\/api.w.org\/{rel}","templated":true}]}}