{"id":46,"date":"2015-09-14T18:05:59","date_gmt":"2015-09-14T17:05:59","guid":{"rendered":"https:\/\/skiboxsports.kitwebcom.fr\/?page_id=46"},"modified":"2017-11-01T14:34:56","modified_gmt":"2017-11-01T13:34:56","slug":"vente","status":"publish","type":"page","link":"https:\/\/skiboxsports.kitwebcom.fr\/?page_id=46&lang=fr","title":{"rendered":"Vente"},"content":{"rendered":"<p><strong>Nous pratiquons \u00e9galement de la vente de mat\u00e9riel de glisse :<\/strong><\/p>\n<ul style=\"list-style-type: square;\">\n<li>ski<\/li>\n<li>chaussures de ski<\/li>\n<li>snowboard<\/li>\n<li>boots de snowboard<\/li>\n<li>b\u00e2tons de ski<\/li>\n<li>snowskate<\/li>\n<\/ul>\n<p>Nous souhaitons satisfaire au mieux vos envies, dans cette optique nous conseillons et recommandons m\u00eame fortement d\u2019essayer le mat\u00e9riel ( skis et chaussures ) en conditions r\u00e9elles pendant une journ\u00e9e sur les pistes.<\/p>\n<h2 style=\"text-align: center;\">Nos Partenaires<\/h2>\n<table width=\"100%\">\n<tbody>\n<tr>\n<td style=\"text-align: center; vertical-align: middle;\"><img loading=\"lazy\" decoding=\"async\" class=\"alignnone size-full wp-image-254\" src=\"https:\/\/skiboxsports.kitwebcom.fr\/wp-content\/uploads\/2015\/09\/logo-marque_atomic.png\" alt=\"logo-marque_atomic\" width=\"150\" height=\"73\" \/><\/td>\n<td style=\"text-align: center; vertical-align: middle;\"><img loading=\"lazy\" decoding=\"async\" class=\"alignnone size-full wp-image-255\" src=\"https:\/\/skiboxsports.kitwebcom.fr\/wp-content\/uploads\/2015\/09\/logo-marque_boll\u00e9.png\" alt=\"logo-marque_boll\u00e9\" width=\"150\" height=\"87\" \/><\/td>\n<td style=\"text-align: center; vertical-align: middle;\"><img loading=\"lazy\" decoding=\"async\" class=\"alignnone size-full wp-image-256\" src=\"https:\/\/skiboxsports.kitwebcom.fr\/wp-content\/uploads\/2015\/09\/logo-marque_cairn.png\" alt=\"logo-marque_cairn\" width=\"150\" height=\"56\" \/><\/td>\n<td style=\"text-align: center; vertical-align: middle;\"><img loading=\"lazy\" decoding=\"async\" class=\"alignnone size-full wp-image-257\" src=\"https:\/\/skiboxsports.kitwebcom.fr\/wp-content\/uploads\/2015\/09\/logo-marque_coreupt.png\" alt=\"logo-marque_coreupt\" width=\"150\" height=\"118\" \/><\/td>\n<\/tr>\n<tr>\n<td style=\"text-align: center; vertical-align: middle;\"><img loading=\"lazy\" decoding=\"async\" class=\"alignnone size-full wp-image-258\" src=\"https:\/\/skiboxsports.kitwebcom.fr\/wp-content\/uploads\/2015\/09\/logo-marque_dynastar.jpeg\" alt=\"logo-marque_dynastar\" width=\"150\" height=\"82\" \/><\/td>\n<td style=\"text-align: center; vertical-align: middle;\"><img loading=\"lazy\" decoding=\"async\" class=\"alignnone size-full wp-image-246\" src=\"https:\/\/skiboxsports.kitwebcom.fr\/wp-content\/uploads\/2015\/09\/logo-marque_head.jpeg\" alt=\"logo-marque_head\" width=\"150\" height=\"95\" \/><\/td>\n<td style=\"text-align: center; vertical-align: middle;\"><img loading=\"lazy\" decoding=\"async\" class=\"alignnone size-full wp-image-247\" src=\"https:\/\/skiboxsports.kitwebcom.fr\/wp-content\/uploads\/2015\/09\/logo-marque_k2.png\" alt=\"logo-marque_k2\" width=\"150\" height=\"150\" \/><\/td>\n<td style=\"text-align: center; vertical-align: middle;\"><img loading=\"lazy\" decoding=\"async\" class=\"alignnone size-full wp-image-248\" src=\"https:\/\/skiboxsports.kitwebcom.fr\/wp-content\/uploads\/2015\/09\/logo-marque_kilpi.jpeg\" alt=\"logo-marque_kilpi\" width=\"143\" height=\"97\" \/><\/td>\n<\/tr>\n<tr>\n<td style=\"text-align: center; vertical-align: middle;\"><img loading=\"lazy\" decoding=\"async\" class=\"alignnone size-full wp-image-249\" src=\"https:\/\/skiboxsports.kitwebcom.fr\/wp-content\/uploads\/2015\/09\/logo-marque_level.png\" alt=\"logo-marque_level\" width=\"150\" height=\"150\" \/><\/td>\n<td style=\"text-align: center; vertical-align: middle;\"><img loading=\"lazy\" decoding=\"async\" class=\"alignnone size-full wp-image-250\" src=\"https:\/\/skiboxsports.kitwebcom.fr\/wp-content\/uploads\/2015\/09\/logo-marque_logo-Dynamic-white.jpg\" alt=\"logo-marque_logo Dynamic white\" width=\"150\" height=\"27\" \/><\/td>\n<td style=\"text-align: center; vertical-align: middle;\"><img loading=\"lazy\" decoding=\"async\" class=\"alignnone size-full wp-image-251\" src=\"https:\/\/skiboxsports.kitwebcom.fr\/wp-content\/uploads\/2015\/09\/logo-marque_Logo-Eurosports.png\" alt=\"logo-marque_Logo Eurosports\" width=\"150\" height=\"71\" \/><\/td>\n<td style=\"text-align: center; vertical-align: middle;\"><img loading=\"lazy\" decoding=\"async\" class=\"alignnone size-full wp-image-252\" src=\"https:\/\/skiboxsports.kitwebcom.fr\/wp-content\/uploads\/2015\/09\/logo-marque_rossignol.jpeg\" alt=\"logo-marque_rossignol\" width=\"150\" height=\"37\" \/><\/td>\n<\/tr>\n<tr>\n<td style=\"text-align: center; vertical-align: middle;\"><img loading=\"lazy\" decoding=\"async\" class=\"alignnone size-full wp-image-253\" src=\"https:\/\/skiboxsports.kitwebcom.fr\/wp-content\/uploads\/2015\/09\/logo-marque_salomon.png\" alt=\"logo-marque_salomon\" width=\"150\" height=\"112\" \/><\/td>\n<td style=\"text-align: center; vertical-align: middle;\"><\/td>\n<td style=\"text-align: center; vertical-align: middle;\"><\/td>\n<td style=\"text-align: center; vertical-align: middle;\"><\/td>\n<\/tr>\n<\/tbody>\n<\/table>\n<p>&nbsp;<\/p>\n<p><a href=\"https:\/\/skiboxsports.kitwebcom.fr\/wp-content\/uploads\/2015\/09\/FB_Simpsons.jpg\"><img loading=\"lazy\" decoding=\"async\" class=\"size-full wp-image-165 aligncenter\" src=\"https:\/\/skiboxsports.kitwebcom.fr\/wp-content\/uploads\/2015\/09\/FB_Simpsons.jpg\" alt=\"FB_Simpsons\" width=\"407\" height=\"236\" srcset=\"https:\/\/skiboxsports.kitwebcom.fr\/wp-content\/uploads\/2015\/09\/FB_Simpsons.jpg 407w, https:\/\/skiboxsports.kitwebcom.fr\/wp-content\/uploads\/2015\/09\/FB_Simpsons-300x174.jpg 300w\" sizes=\"auto, (max-width: 407px) 100vw, 407px\" \/><\/a><\/p>\n","protected":false},"excerpt":{"rendered":"<p>Nous pratiquons \u00e9galement de la vente de mat\u00e9riel de glisse : ski chaussures de ski snowboard boots de snowboard b\u00e2tons de ski snowskate Nous souhaitons satisfaire au mieux vos envies, dans cette optique nous conseillons et recommandons m\u00eame fortement d\u2019essayer le mat\u00e9riel ( skis et chaussures ) en conditions r\u00e9elles pendant une journ\u00e9e sur les\u2026<\/p>\n","protected":false},"author":1,"featured_media":0,"parent":0,"menu_order":0,"comment_status":"closed","ping_status":"closed","template":"fullwidth.php","meta":{"_exactmetrics_skip_tracking":false,"_exactmetrics_sitenote_active":false,"_exactmetrics_sitenote_note":"","_exactmetrics_sitenote_category":0,"ngg_post_thumbnail":0,"footnotes":""},"class_list":["post-46","page","type-page","status-publish","hentry"],"_links":{"self":[{"href":"https:\/\/skiboxsports.kitwebcom.fr\/index.php?rest_route=\/wp\/v2\/pages\/46","targetHints":{"allow":["GET"]}}],"collection":[{"href":"https:\/\/skiboxsports.kitwebcom.fr\/index.php?rest_route=\/wp\/v2\/pages"}],"about":[{"href":"https:\/\/skiboxsports.kitwebcom.fr\/index.php?rest_route=\/wp\/v2\/types\/page"}],"author":[{"embeddable":true,"href":"https:\/\/skiboxsports.kitwebcom.fr\/index.php?rest_route=\/wp\/v2\/users\/1"}],"replies":[{"embeddable":true,"href":"https:\/\/skiboxsports.kitwebcom.fr\/index.php?rest_route=%2Fwp%2Fv2%2Fcomments&post=46"}],"version-history":[{"count":8,"href":"https:\/\/skiboxsports.kitwebcom.fr\/index.php?rest_route=\/wp\/v2\/pages\/46\/revisions"}],"predecessor-version":[{"id":896,"href":"https:\/\/skiboxsports.kitwebcom.fr\/index.php?rest_route=\/wp\/v2\/pages\/46\/revisions\/896"}],"wp:attachment":[{"href":"https:\/\/skiboxsports.kitwebcom.fr\/index.php?rest_route=%2Fwp%2Fv2%2Fmedia&parent=46"}],"curies":[{"name":"wp","href":"https:\/\/api.w.org\/{rel}","templated":true}]}}